{"id":3126,"date":"2026-04-14T12:21:24","date_gmt":"2026-04-14T11:21:24","guid":{"rendered":"https:\/\/still-got-the-blues-aub.de\/?page_id=3126"},"modified":"2026-04-14T18:21:51","modified_gmt":"2026-04-14T17:21:51","slug":"home-still-got-the-blues-termine-2026-tim-jaeger","status":"publish","type":"page","link":"https:\/\/still-got-the-blues-aub.de\/","title":{"rendered":"Home Still Got The Blues &#8211; Termine 2026 &#8211; Tim J\u00e4ger"},"content":{"rendered":"<div class=\"wpb-content-wrapper\"><p>[vc_row][vc_column][vc_column_text css=&#8220;&#8220;]<\/p>\n<p>&nbsp;<\/p>\n<p style=\"text-align: center;\"><strong>Tim J\u00e4ger &amp; Bad Business<\/strong> sind auch in diesem Jahr wieder musikalisch unterwegs. Die Band um den Gitarristen und S\u00e4nger aus Unterfranken versteht es den Zuh\u00f6rer mit funkig gespielten Bluesrock zu begeistern. Es werden Akzente im Stil von Warren Haynes und den Allman Brothers gesetzt. Freunde des Southern Rocks, aber auch Anh\u00e4nger der Jam-Rock-Kultur werden begeistert sein.<\/p>\n<p style=\"text-align: center;\">Die Rhythmusgruppe ist absolut eingegrooved und die Musiker verstehen sich blind auf der B\u00fchne. Hubi Funk (Bass) und Tiziano B\u00fcdel (Drums) sind hier voll in ihrem Element. Krister Kunde (Orgel) sorgt f\u00fcr die n\u00f6tigen Fl\u00e4chen und begeistert mit virtuosen Rodes und Orgel Solo\u00b4s.<\/p>\n<p style=\"text-align: center;\">Wer Tim J\u00e4ger mit seiner Band noch nicht live gesehen hat, der sollte das unbedingt nachholen. Sie sind nicht nur im fr\u00e4nkischen Raum unterwegs, sondern auch au\u00dferhalb der Landesgrenze. Eine Band auf diesem musikalischen und virtuosen Niveau, h\u00f6rt man selten.<\/p>\n<p style=\"text-align: center;\">Tim J\u00e4ger &amp; Bad Business spielen eigene Songs aus ihren drei aktuellen Alben und ausgesuchte Coversongs, die man nicht an jeder Ecke h\u00f6rt.<\/p>\n<p style=\"text-align: center;\">Ein Muss f\u00fcr Fans von Blues und Rock!<\/p>\n<p style=\"text-align: center;\"><strong>Besetzung:<\/strong><\/p>\n<p style=\"text-align: center;\">Tim J\u00e4ger &#8211; Gitarre &amp; Gesang<br \/>\nHubi Funk &#8211; Bass<br \/>\nTiziano B\u00fcdel &#8211; Drums<br \/>\nKrister Kunde &#8211; Keyboard<\/p>\n<p>&nbsp;<\/p>\n<p>[\/vc_column_text][\/vc_column][\/vc_row][vc_row][vc_column][vc_custom_heading text=&#8220;Unsere Events 2026&#8243; font_container=&#8220;tag:h2|text_align:center|color:%23DD3333&#8243; use_theme_fonts=&#8220;yes&#8220; css=&#8220;&#8220;][\/vc_column][\/vc_row][vc_row][vc_column][vc_single_image image=&#8220;3120&#8243; img_size=&#8220;large&#8220; alignment=&#8220;center&#8220; css=&#8220;&#8220;][\/vc_column][\/vc_row]<\/p>\n<\/div>","protected":false},"excerpt":{"rendered":"<p>[vc_row][vc_column][vc_column_text css=&#8220;&#8220;] &nbsp; Tim J\u00e4ger &amp; Bad Business sind auch in diesem Jahr wieder musikalisch unterwegs. Die Band um den Gitarristen und S\u00e4nger aus Unterfranken versteht es den Zuh\u00f6rer mit funkig gespielten Bluesrock zu begeistern. Es werden Akzente im Stil von Warren Haynes und den Allman Brothers gesetzt. Freunde des Southern Rocks, aber auch Anh\u00e4nger<\/p>\n","protected":false},"author":4,"featured_media":0,"parent":0,"menu_order":0,"comment_status":"closed","ping_status":"closed","template":"template-fullwidth.php","meta":{"footnotes":""},"class_list":["post-3126","page","type-page","status-publish","hentry"],"_links":{"self":[{"href":"https:\/\/still-got-the-blues-aub.de\/index.php?rest_route=\/wp\/v2\/pages\/3126","targetHints":{"allow":["GET"]}}],"collection":[{"href":"https:\/\/still-got-the-blues-aub.de\/index.php?rest_route=\/wp\/v2\/pages"}],"about":[{"href":"https:\/\/still-got-the-blues-aub.de\/index.php?rest_route=\/wp\/v2\/types\/page"}],"author":[{"embeddable":true,"href":"https:\/\/still-got-the-blues-aub.de\/index.php?rest_route=\/wp\/v2\/users\/4"}],"replies":[{"embeddable":true,"href":"https:\/\/still-got-the-blues-aub.de\/index.php?rest_route=%2Fwp%2Fv2%2Fcomments&post=3126"}],"version-history":[{"count":16,"href":"https:\/\/still-got-the-blues-aub.de\/index.php?rest_route=\/wp\/v2\/pages\/3126\/revisions"}],"predecessor-version":[{"id":3174,"href":"https:\/\/still-got-the-blues-aub.de\/index.php?rest_route=\/wp\/v2\/pages\/3126\/revisions\/3174"}],"wp:attachment":[{"href":"https:\/\/still-got-the-blues-aub.de\/index.php?rest_route=%2Fwp%2Fv2%2Fmedia&parent=3126"}],"curies":[{"name":"wp","href":"https:\/\/api.w.org\/{rel}","templated":true}]}}